98595 prime?
False
Is 57123251 a composite number?
False
Is 1358417 prime?
True
Is 20627393 composite?
False
Is 5399517 composite?
True
Is 62856151 a composite number?
False
Is 1862891 composite?
False
Is 143950381 a composite number?
False
Is 3521459 a composite number?
True
Is 4615363 a composite number?
False
Is 467628233 prime?
False
Is 17628313 prime?
False
Is 242236957 prime?
True
Is 12091166 composite?
True
Is 65987249 a prime number?
True
Is 9069601 a composite number?
True
Is 5460509 a composite number?
True
Is 29342507 composite?
False
Is 110183297 a prime number?
False
Is 263804837 a prime number?
True
Is 36586697 a prime number?
False
Is 1029617 a prime number?
True
Is 298111157 prime?
True
Is 518129439 prime?
False
Is 4725337 composite?
True
Is 4555363 a composite number?
True
Is 13682017 prime?
True
Is 98696443 a prime number?
True
Is 4603727 composite?
True
Is 82229423 composite?
False
Is 77034781 a prime number?
False
Is 33963289 prime?
False
Is 32846201 a composite number?
False
Is 75421079 a prime number?
True
Is 11206199 composite?
False
Is 8312497 prime?
True
Is 1006396939 a prime number?
True
Is 2089357 composite?
False
Is 14711287 a prime number?
False
Is 146088349 prime?
False
Is 1299631 a composite number?
False
Is 329829 composite?
True
Is 552568649 composite?
True
Is 41700823 prime?
True
Is 34291207 composite?
False
Is 152069347 a prime number?
False
Is 1364533 a prime number?
True
Is 347779 composite?
False
Is 46461809 prime?
False
Is 9260827 prime?
True
Is 31227745 prime?
False
Is 6304877 a prime number?
False
Is 2855809 composite?
True
Is 6207037 a composite number?
True
Is 10437961 composite?
True
Is 8881909 composite?
False
Is 77066191 a composite number?
True
Is 43671259 prime?
True
Is 29044871 prime?
True
Is 2220113 prime?
False
Is 256350995 prime?
False
Is 3458893 composite?
True
Is 2518913 composite?
False
Is 1823443 prime?
True
Is 355412903 composite?
True
Is 89251 prime?
False
Is 1469681 prime?
False
Is 42601049 a composite number?
False
Is 138144962 composite?
True
Is 4522829 a prime number?
False
Is 19598777 prime?
False
Is 56799851 a composite number?
False
Is 4950571 composite?
True
Is 1141597 prime?
True
Is 40156013 composite?
False
Is 192013 a prime number?
True
Is 1022573 composite?
False
Is 7371631 composite?
False
Is 211382441 a composite number?
True
Is 21359813 composite?
False
Is 1292467 a composite number?
True
Is 417063821 a prime number?
False
Is 27025751 composite?
False
Is 178945017 a prime number?
False
Is 4565531 prime?
False
Is 568506233 composite?
True
Is 63417881 a prime number?
True
Is 1598977 a composite number?
True
Is 59647 composite?
True
Is 370467971 prime?
True
Is 635599 composite?
False
Is 24763729 a composite number?
True
Is 477671 a prime number?
True
Is 790458521 a composite number?
False
Is 25591 prime?
False
Is 18559201 prime?
False
Is 146280637 composite?
False
Is 76759283 a composite number?
False
Is 449923 a prime number?
False
Is 29794561 a prime number?
True
Is 56153021 a prime number?
False
Is 170533855 prime?
False
Is 39012737 prime?
True
Is 800375857 a composite number?
False
Is 10894259 prime?
False
Is 17886733 prime?
False
Is 23363113 composite?
False
Is 287588129 a composite number?
False
Is 1293233 a composite number?
False
Is 153967637 a composite number?
False
Is 2713663 a prime number?
False
Is 550741 a composite number?
True
Is 2760487 a composite number?
False
Is 470694463 composite?
False
Is 60127 prime?
True
Is 18980987 prime?
True
Is 2043397 prime?
True
Is 98436505 a prime number?
False
Is 87023749 composite?
True
Is 8341909 a composite number?
True
Is 20971 a prime number?
False
Is 233011 prime?
False
Is 62310007 a prime number?
True
Is 324811217 composite?
False
Is 47259599 a composite number?
False
Is 25572497 prime?
True
Is 110743781 a prime number?
False
Is 4214201 prime?
True
Is 1668313 prime?
True
Is 3746329 composite?
False
Is 334388567 a prime number?
True
Is 20839667 a prime number?
True
Is 8968669 a composite number?
True
Is 3088126 a composite number?
True
Is 542676197 a prime number?
False
Is 31883227 prime?
False
Is 240813301 a composite number?
True
Is 5366071 a prime number?
False
Is 37457137 composite?
True
Is 2214791 prime?
True
Is 53973159 a prime number?
False
Is 31126801 prime?
True
Is 6354163 a composite number?
True
Is 7510465 prime?
False
Is 2132639 a prime number?
True
Is 247725409 a prime number?
True
Is 12624473 a prime number?
False
Is 13539121 a composite number?
False
Is 345650905 a prime number?
False
Is 87524582 a composite number?
True
Is 108926507 prime?
True
Is 918011 prime?
True
Is 67530235 a composite number?
True
Is 6712219 composite?
True
Is 12143893 a prime number?
False
Is 8469161 composite?
False
Is 49430357 a prime number?
True
Is 435055 a composite number?
True
Is 84266323 composite?
False
Is 5238866 a composite number?
True
Is 656291 composite?
False
Is 172013683 prime?
True
Is 10214507 a prime number?
False
Is 3591269 a prime number?
False
Is 285029 composite?
True
Is 3991747 a composite number?
False
Is 4833617 composite?
False
Is 18923761 composite?
True
Is 12004357 a composite number?
False
Is 88046533 a composite number?
True
Is 55219139 a composite number?
False
Is 140479849 a prime number?
True
Is 5508551 a composite number?
False
Is 57532463 a composite number?
True
Is 678264987 composite?
True
Is 2481601 composite?
False
Is 2239343 prime?
False
Is 2231921 a composite number?
True
Is 22883282 a prime number?
False
Is 100081255 a composite number?
True
Is 2894791 prime?
False
Is 3541957 prime?
True
Is 797089 prime?
False
Is 300549 composite?
True
Is 1406932063 a prime number?
True
Is 294583 a prime number?
False
Is 6405206 composite?
True
Is 26163523 a composite number?
False
Is 34379507 a composite number?
True
Is 304331 composite?
False
Is 191254897 a prime number?
True
Is 127697 composite?
True
Is 28569127 composite?
False
Is 152650367 a prime number?
True
Is 82500017 a composite number?
False
Is 3695167 composite?
True
Is 41282791 a prime number?
False
Is 6956123 a composite number?
False
Is 1245914507 a composite number?
True
Is 835117 composite?
False
Is 78044159 prime?
True
Is 401023067 a prime number?
True
Is 9906851 a prime number?
True
Is 814819 a composite number?
True
Is 152822227 prime?
True
Is 6730903 prime?
True
Is 21644153 a composite number?
False
Is 40686823 composite?
False
Is 200835319 composite?
False
Is 47351 a prime number?
True
Is 393945061 prime?
False
Is 3747019 a prime number?
True
Is 4944949 prime?
True
Is 119385403 a prime number?
True
Is 357681 a composite number?
True
Is 23031227 composite?
False
Is 19936459 a prime number?
False
Is 3347879 a composite number?
False
Is 392651 composite?
True
Is 8858089 a composite number?
True
Is 172793443 prime?
True
Is 19200457 a composite number?
False
Is 1590883469 composite?
True
Is 3091853 a prime number?
True
Is 17952031 composite?
False
Is 637709 prime?
True
Is 184127 a composite number?
True
Is 69867067 a composite number?
False
Is 14318233 composite?
True
Is 95517941 a prime number?
True
Is 13860271 prime?
False
Is 7183898 composite?
True
Is 171293181 a composite number?
True
Is 237142457 composite?
True
Is 35173037 a composite number?
False
Is 13249029 composite?
True
Is 117429373 composite?
True
Is 2845201 prime?
True
Is 304290785 a composite number?
True
Is 29281141 a composite number?
True
Is 56492789 a composite number?
False
Is 26992397 a composite number?
False
Is 673873331 a composite number?
False
Is 321289 a prime number?
True
Is 713881481 a prime number?
True
Is 135482683 a composite number?
True
Is 203425787 composite?
True
Is 656430493 prime?
False
Is 1875539 a composite number?
True
Is 629609 composite?
False
Is 3533403 a composite number?
True
Is 8471057 a composite number?
True
Is 250229053 prime?
True
Is 1220609993 a composite number?
False
Is 11024707 prime?
True
Is 265756067 a composite number?
False
Is 296693 a prime number?
True
Is 2504623 composite?
True
Is 55579 a prime number?
True
Is 19661 a composite number?
False
Is 2493173 a composite number?
True
Is 314147 composite?
True
Is 98386337 a composite number?
True
Is 31756531 a composite number?
False
Is 2276389 prime?
True
Is 7321969 composite?
False